{"id":39721,"date":"2020-08-19T18:46:22","date_gmt":"2020-08-19T16:46:22","guid":{"rendered":"https:\/\/superetti.com\/wordpress\/produit\/lait-liquide-soummam-lait-partiellement-ecreme-sterilise-uht-1l\/"},"modified":"2023-09-05T12:04:44","modified_gmt":"2023-09-05T10:04:44","slug":"lait-liquide-soummam-lait-partiellement-ecreme-sterilise-uht-1l","status":"publish","type":"product","link":"https:\/\/superetti.com\/?product=lait-liquide-soummam-lait-partiellement-ecreme-sterilise-uht-1l","title":{"rendered":"Soummam Lait partiellement \u00e9cr\u00e9m\u00e9 st\u00e9rilis\u00e9 UHT 1l"},"content":{"rendered":"","protected":false},"excerpt":{"rendered":"","protected":false},"featured_media":39720,"comment_status":"closed","ping_status":"closed","template":"","meta":[],"product_brand":[],"product_cat":[320,207],"product_tag":[],"class_list":{"0":"post-39721","1":"product","2":"type-product","3":"status-publish","4":"has-post-thumbnail","6":"product_cat-laits","7":"product_cat-produits-laitiers","9":"first","10":"instock","11":"taxable","12":"shipping-taxable","13":"purchasable","14":"product-type-simple"},"_links":{"self":[{"href":"https:\/\/superetti.com\/index.php?rest_route=\/wp\/v2\/product\/39721","targetHints":{"allow":["GET"]}}],"collection":[{"href":"https:\/\/superetti.com\/index.php?rest_route=\/wp\/v2\/product"}],"about":[{"href":"https:\/\/superetti.com\/index.php?rest_route=\/wp\/v2\/types\/product"}],"replies":[{"embeddable":true,"href":"https:\/\/superetti.com\/index.php?rest_route=%2Fwp%2Fv2%2Fcomments&post=39721"}],"version-history":[{"count":2,"href":"https:\/\/superetti.com\/index.php?rest_route=\/wp\/v2\/product\/39721\/revisions"}],"predecessor-version":[{"id":49621,"href":"https:\/\/superetti.com\/index.php?rest_route=\/wp\/v2\/product\/39721\/revisions\/49621"}],"wp:featuredmedia":[{"embeddable":true,"href":"https:\/\/superetti.com\/index.php?rest_route=\/wp\/v2\/media\/39720"}],"wp:attachment":[{"href":"https:\/\/superetti.com\/index.php?rest_route=%2Fwp%2Fv2%2Fmedia&parent=39721"}],"wp:term":[{"taxonomy":"product_brand","embeddable":true,"href":"https:\/\/superetti.com\/index.php?rest_route=%2Fwp%2Fv2%2Fproduct_brand&post=39721"},{"taxonomy":"product_cat","embeddable":true,"href":"https:\/\/superetti.com\/index.php?rest_route=%2Fwp%2Fv2%2Fproduct_cat&post=39721"},{"taxonomy":"product_tag","embeddable":true,"href":"https:\/\/superetti.com\/index.php?rest_route=%2Fwp%2Fv2%2Fproduct_tag&post=39721"}],"curies":[{"name":"wp","href":"https:\/\/api.w.org\/{rel}","templated":true}]}}