{"id":46625,"date":"2021-01-24T11:02:53","date_gmt":"2021-01-24T10:02:53","guid":{"rendered":"https:\/\/superetti.com\/?post_type=product&#038;p=46625"},"modified":"2024-09-11T10:17:35","modified_gmt":"2024-09-11T08:17:35","slug":"candia-viva-1l-partiellement-ecreme","status":"publish","type":"product","link":"https:\/\/superetti.com\/?product=candia-viva-1l-partiellement-ecreme","title":{"rendered":"Candia Viva 1l partiellement\u00a0 \u00e9cr\u00e9m\u00e9\u00a0\u00a0"},"content":{"rendered":"<p>Candia Viva 1l, contient 10 vitamines partiellement\u00a0 \u00e9cr\u00e9m\u00e9, et riche en vitamine D3<\/p>\n","protected":false},"excerpt":{"rendered":"<p>Candia Viva 1l, contient 10 vitamines partiellement\u00a0 \u00e9cr\u00e9m\u00e9, et riche en vitamine D3<\/p>\n","protected":false},"featured_media":46626,"comment_status":"open","ping_status":"closed","template":"","meta":[],"product_brand":[],"product_cat":[320,207],"product_tag":[],"class_list":{"0":"post-46625","1":"product","2":"type-product","3":"status-publish","4":"has-post-thumbnail","6":"product_cat-laits","7":"product_cat-produits-laitiers","9":"first","10":"instock","11":"taxable","12":"shipping-taxable","13":"purchasable","14":"product-type-simple"},"_links":{"self":[{"href":"https:\/\/superetti.com\/index.php?rest_route=\/wp\/v2\/product\/46625","targetHints":{"allow":["GET"]}}],"collection":[{"href":"https:\/\/superetti.com\/index.php?rest_route=\/wp\/v2\/product"}],"about":[{"href":"https:\/\/superetti.com\/index.php?rest_route=\/wp\/v2\/types\/product"}],"replies":[{"embeddable":true,"href":"https:\/\/superetti.com\/index.php?rest_route=%2Fwp%2Fv2%2Fcomments&post=46625"}],"version-history":[{"count":1,"href":"https:\/\/superetti.com\/index.php?rest_route=\/wp\/v2\/product\/46625\/revisions"}],"predecessor-version":[{"id":46628,"href":"https:\/\/superetti.com\/index.php?rest_route=\/wp\/v2\/product\/46625\/revisions\/46628"}],"wp:featuredmedia":[{"embeddable":true,"href":"https:\/\/superetti.com\/index.php?rest_route=\/wp\/v2\/media\/46626"}],"wp:attachment":[{"href":"https:\/\/superetti.com\/index.php?rest_route=%2Fwp%2Fv2%2Fmedia&parent=46625"}],"wp:term":[{"taxonomy":"product_brand","embeddable":true,"href":"https:\/\/superetti.com\/index.php?rest_route=%2Fwp%2Fv2%2Fproduct_brand&post=46625"},{"taxonomy":"product_cat","embeddable":true,"href":"https:\/\/superetti.com\/index.php?rest_route=%2Fwp%2Fv2%2Fproduct_cat&post=46625"},{"taxonomy":"product_tag","embeddable":true,"href":"https:\/\/superetti.com\/index.php?rest_route=%2Fwp%2Fv2%2Fproduct_tag&post=46625"}],"curies":[{"name":"wp","href":"https:\/\/api.w.org\/{rel}","templated":true}]}}