{"id":58703,"date":"2021-04-21T12:36:20","date_gmt":"2021-04-21T10:36:20","guid":{"rendered":"https:\/\/superetti.com\/?post_type=product&#038;p=58703"},"modified":"2023-10-15T19:38:41","modified_gmt":"2023-10-15T17:38:41","slug":"palmary-maxon-vegecao-fourre-a-la-creme-gout-fraise-100g","status":"publish","type":"product","link":"https:\/\/superetti.com\/?product=palmary-maxon-vegecao-fourre-a-la-creme-gout-fraise-100g","title":{"rendered":"Palmary Maxon V\u00e9g\u00e9cao Fourr\u00e9 a la cr\u00e9m\u00e9 gout Fraise  100g"},"content":{"rendered":"","protected":false},"excerpt":{"rendered":"","protected":false},"featured_media":58716,"comment_status":"open","ping_status":"closed","template":"","meta":[],"product_brand":[],"product_cat":[334,204],"product_tag":[],"class_list":{"0":"post-58703","1":"product","2":"type-product","3":"status-publish","4":"has-post-thumbnail","6":"product_cat-chocolats-et-bonbons","7":"product_cat-epicerie-sucree","9":"first","10":"instock","11":"taxable","12":"shipping-taxable","13":"purchasable","14":"product-type-simple"},"_links":{"self":[{"href":"https:\/\/superetti.com\/index.php?rest_route=\/wp\/v2\/product\/58703","targetHints":{"allow":["GET"]}}],"collection":[{"href":"https:\/\/superetti.com\/index.php?rest_route=\/wp\/v2\/product"}],"about":[{"href":"https:\/\/superetti.com\/index.php?rest_route=\/wp\/v2\/types\/product"}],"replies":[{"embeddable":true,"href":"https:\/\/superetti.com\/index.php?rest_route=%2Fwp%2Fv2%2Fcomments&post=58703"}],"version-history":[{"count":2,"href":"https:\/\/superetti.com\/index.php?rest_route=\/wp\/v2\/product\/58703\/revisions"}],"predecessor-version":[{"id":58720,"href":"https:\/\/superetti.com\/index.php?rest_route=\/wp\/v2\/product\/58703\/revisions\/58720"}],"wp:featuredmedia":[{"embeddable":true,"href":"https:\/\/superetti.com\/index.php?rest_route=\/wp\/v2\/media\/58716"}],"wp:attachment":[{"href":"https:\/\/superetti.com\/index.php?rest_route=%2Fwp%2Fv2%2Fmedia&parent=58703"}],"wp:term":[{"taxonomy":"product_brand","embeddable":true,"href":"https:\/\/superetti.com\/index.php?rest_route=%2Fwp%2Fv2%2Fproduct_brand&post=58703"},{"taxonomy":"product_cat","embeddable":true,"href":"https:\/\/superetti.com\/index.php?rest_route=%2Fwp%2Fv2%2Fproduct_cat&post=58703"},{"taxonomy":"product_tag","embeddable":true,"href":"https:\/\/superetti.com\/index.php?rest_route=%2Fwp%2Fv2%2Fproduct_tag&post=58703"}],"curies":[{"name":"wp","href":"https:\/\/api.w.org\/{rel}","templated":true}]}}