{"id":59701,"date":"2021-04-29T15:17:18","date_gmt":"2021-04-29T13:17:18","guid":{"rendered":"https:\/\/superetti.com\/?post_type=product&#038;p=59701"},"modified":"2025-03-20T01:35:04","modified_gmt":"2025-03-20T00:35:04","slug":"cotylys-family-batonnets-ouates-100-coton-200-pieces","status":"publish","type":"product","link":"https:\/\/superetti.com\/?product=cotylys-family-batonnets-ouates-100-coton-200-pieces","title":{"rendered":"Coty&#8217;lys Family B\u00e2tonnets ouat\u00e9s (100% coton) 200 pi\u00e8ces"},"content":{"rendered":"","protected":false},"excerpt":{"rendered":"","protected":false},"featured_media":59705,"comment_status":"open","ping_status":"closed","template":"","meta":[],"product_brand":[],"product_cat":[208,384],"product_tag":[],"class_list":{"0":"post-59701","1":"product","2":"type-product","3":"status-publish","4":"has-post-thumbnail","6":"product_cat-hygiene-et-beaute","7":"product_cat-papier-toilette-mouchoirs-et-cotons","9":"first","10":"instock","11":"taxable","12":"shipping-taxable","13":"purchasable","14":"product-type-simple"},"_links":{"self":[{"href":"https:\/\/superetti.com\/index.php?rest_route=\/wp\/v2\/product\/59701","targetHints":{"allow":["GET"]}}],"collection":[{"href":"https:\/\/superetti.com\/index.php?rest_route=\/wp\/v2\/product"}],"about":[{"href":"https:\/\/superetti.com\/index.php?rest_route=\/wp\/v2\/types\/product"}],"replies":[{"embeddable":true,"href":"https:\/\/superetti.com\/index.php?rest_route=%2Fwp%2Fv2%2Fcomments&post=59701"}],"version-history":[{"count":2,"href":"https:\/\/superetti.com\/index.php?rest_route=\/wp\/v2\/product\/59701\/revisions"}],"predecessor-version":[{"id":59707,"href":"https:\/\/superetti.com\/index.php?rest_route=\/wp\/v2\/product\/59701\/revisions\/59707"}],"wp:featuredmedia":[{"embeddable":true,"href":"https:\/\/superetti.com\/index.php?rest_route=\/wp\/v2\/media\/59705"}],"wp:attachment":[{"href":"https:\/\/superetti.com\/index.php?rest_route=%2Fwp%2Fv2%2Fmedia&parent=59701"}],"wp:term":[{"taxonomy":"product_brand","embeddable":true,"href":"https:\/\/superetti.com\/index.php?rest_route=%2Fwp%2Fv2%2Fproduct_brand&post=59701"},{"taxonomy":"product_cat","embeddable":true,"href":"https:\/\/superetti.com\/index.php?rest_route=%2Fwp%2Fv2%2Fproduct_cat&post=59701"},{"taxonomy":"product_tag","embeddable":true,"href":"https:\/\/superetti.com\/index.php?rest_route=%2Fwp%2Fv2%2Fproduct_tag&post=59701"}],"curies":[{"name":"wp","href":"https:\/\/api.w.org\/{rel}","templated":true}]}}